{"id":23,"date":"2024-03-20T07:48:41","date_gmt":"2024-03-20T07:48:41","guid":{"rendered":"https:\/\/demosites.royal-elementor-addons.com\/solar-energy-v2\/?page_id=23"},"modified":"2025-04-02T21:39:54","modified_gmt":"2025-04-02T21:39:54","slug":"acerca-de-nosotros","status":"publish","type":"page","link":"https:\/\/proyectosjr.com\/index.php\/acerca-de-nosotros\/","title":{"rendered":"Acerca de nosotros"},"content":{"rendered":"\t\t<div data-elementor-type=\"wp-page\" data-elementor-id=\"23\" class=\"elementor elementor-23\">\n\t\t\t\t<div class=\"elementor-element elementor-element-f260a65 e-flex e-con-boxed wpr-particle-no wpr-jarallax-no wpr-parallax-no wpr-sticky-section-no e-con e-parent\" data-id=\"f260a65\" data-element_type=\"container\">\n\t\t\t\t\t<div class=\"e-con-inner\">\n\t\t<div class=\"elementor-element elementor-element-e3d5003 e-flex e-con-boxed wpr-particle-no wpr-jarallax-no wpr-parallax-no wpr-sticky-section-no elementor-invisible e-con e-child\" data-id=\"e3d5003\" data-element_type=\"container\" data-settings=\"{&quot;animation&quot;:&quot;slideInLeft&quot;}\">\n\t\t\t\t\t<div class=\"e-con-inner\">\n\t\t\t\t<div class=\"elementor-element elementor-element-fe65450 elementor-widget elementor-widget-image\" data-id=\"fe65450\" data-element_type=\"widget\" data-widget_type=\"image.default\">\n\t\t\t\t<div class=\"elementor-widget-container\">\n\t\t\t\t\t\t\t\t\t\t\t\t\t\t\t<img fetchpriority=\"high\" decoding=\"async\" width=\"800\" height=\"532\" src=\"https:\/\/proyectosjr.com\/wp-content\/uploads\/2024\/03\/pic-10.jpg\" class=\"attachment-large size-large wp-image-993\" alt=\"\" srcset=\"https:\/\/proyectosjr.com\/wp-content\/uploads\/2024\/03\/pic-10.jpg 800w, https:\/\/proyectosjr.com\/wp-content\/uploads\/2024\/03\/pic-10-300x200.jpg 300w, https:\/\/proyectosjr.com\/wp-content\/uploads\/2024\/03\/pic-10-768x511.jpg 768w\" sizes=\"(max-width: 800px) 100vw, 800px\" \/>\t\t\t\t\t\t\t\t\t\t\t\t\t\t\t<\/div>\n\t\t\t\t<\/div>\n\t\t\t\t\t<\/div>\n\t\t\t\t<\/div>\n\t\t<div class=\"elementor-element elementor-element-586167d e-flex e-con-boxed wpr-particle-no wpr-jarallax-no wpr-parallax-no wpr-sticky-section-no elementor-invisible e-con e-child\" data-id=\"586167d\" data-element_type=\"container\" data-settings=\"{&quot;animation&quot;:&quot;slideInRight&quot;}\">\n\t\t\t\t\t<div class=\"e-con-inner\">\n\t\t\t\t<div class=\"elementor-element elementor-element-459e52e elementor-widget elementor-widget-heading\" data-id=\"459e52e\" data-element_type=\"widget\" data-widget_type=\"heading.default\">\n\t\t\t\t<div class=\"elementor-widget-container\">\n\t\t\t\t\t<h2 class=\"elementor-heading-title elementor-size-default\">Nuestra trayectoria<\/h2>\t\t\t\t<\/div>\n\t\t\t\t<\/div>\n\t\t\t\t<div class=\"elementor-element elementor-element-cd68ab2 elementor-widget elementor-widget-heading\" data-id=\"cd68ab2\" data-element_type=\"widget\" data-widget_type=\"heading.default\">\n\t\t\t\t<div class=\"elementor-widget-container\">\n\t\t\t\t\t<h2 class=\"elementor-heading-title elementor-size-default\">\u00bfQui\u00e9nes somos?<\/h2>\t\t\t\t<\/div>\n\t\t\t\t<\/div>\n\t\t\t\t<div class=\"elementor-element elementor-element-321a0dd elementor-widget elementor-widget-text-editor\" data-id=\"321a0dd\" data-element_type=\"widget\" data-widget_type=\"text-editor.default\">\n\t\t\t\t<div class=\"elementor-widget-container\">\n\t\t\t\t\t\t\t\t\t<p><strong>Proyectos JR <\/strong>somos una promotor\u00eda de seguros, contamos con asesores profesionales con m\u00e1s de 7 a\u00f1os de experiencia, enfocados a trabajar de la mano con personas f\u00edsicas y\/o empresas a proveer estrategias financieras que hagan incrementar y\/o consolidar su patrimonio.<\/p><p>Para dar un servicio de calidad a nuestros clientes, trabajamos en conjunto con las mejores empresas en el sector asegurador y de inversiones, que cuentan con las m\u00e1s altas calificaciones en sus ramos y generan confianza, ya que, a lo largo de muchos a\u00f1os, se han dedicado a cuidar nuestro patrimonio.<\/p>\t\t\t\t\t\t\t\t<\/div>\n\t\t\t\t<\/div>\n\t\t\t\t<div class=\"elementor-element elementor-element-4e9c65b elementor-icon-list--layout-traditional elementor-list-item-link-full_width elementor-widget elementor-widget-icon-list\" data-id=\"4e9c65b\" data-element_type=\"widget\" data-widget_type=\"icon-list.default\">\n\t\t\t\t<div class=\"elementor-widget-container\">\n\t\t\t\t\t\t\t<ul class=\"elementor-icon-list-items\">\n\t\t\t\t\t\t\t<li class=\"elementor-icon-list-item\">\n\t\t\t\t\t\t\t\t\t\t\t<span class=\"elementor-icon-list-icon\">\n\t\t\t\t\t\t\t<svg aria-hidden=\"true\" class=\"e-font-icon-svg e-fas-circle\" viewBox=\"0 0 512 512\" xmlns=\"http:\/\/www.w3.org\/2000\/svg\"><path d=\"M256 8C119 8 8 119 8 256s111 248 248 248 248-111 248-248S393 8 256 8z\"><\/path><\/svg>\t\t\t\t\t\t<\/span>\n\t\t\t\t\t\t\t\t\t\t<span class=\"elementor-icon-list-text\">Protecci\u00f3n integral para cada cliente.<\/span>\n\t\t\t\t\t\t\t\t\t<\/li>\n\t\t\t\t\t\t\t\t<li class=\"elementor-icon-list-item\">\n\t\t\t\t\t\t\t\t\t\t\t<span class=\"elementor-icon-list-icon\">\n\t\t\t\t\t\t\t<svg aria-hidden=\"true\" class=\"e-font-icon-svg e-fas-circle\" viewBox=\"0 0 512 512\" xmlns=\"http:\/\/www.w3.org\/2000\/svg\"><path d=\"M256 8C119 8 8 119 8 256s111 248 248 248 248-111 248-248S393 8 256 8z\"><\/path><\/svg>\t\t\t\t\t\t<\/span>\n\t\t\t\t\t\t\t\t\t\t<span class=\"elementor-icon-list-text\">Asesor\u00eda profesional para tomar la mejor decisi\u00f3n.<\/span>\n\t\t\t\t\t\t\t\t\t<\/li>\n\t\t\t\t\t\t\t\t<li class=\"elementor-icon-list-item\">\n\t\t\t\t\t\t\t\t\t\t\t<span class=\"elementor-icon-list-icon\">\n\t\t\t\t\t\t\t<svg aria-hidden=\"true\" class=\"e-font-icon-svg e-fas-circle\" viewBox=\"0 0 512 512\" xmlns=\"http:\/\/www.w3.org\/2000\/svg\"><path d=\"M256 8C119 8 8 119 8 256s111 248 248 248 248-111 248-248S393 8 256 8z\"><\/path><\/svg>\t\t\t\t\t\t<\/span>\n\t\t\t\t\t\t\t\t\t\t<span class=\"elementor-icon-list-text\">Servicio \u00f3ptimo enfocado en tranquilidad y confianza.<\/span>\n\t\t\t\t\t\t\t\t\t<\/li>\n\t\t\t\t\t\t\t\t<li class=\"elementor-icon-list-item\">\n\t\t\t\t\t\t\t\t\t\t\t<span class=\"elementor-icon-list-icon\">\n\t\t\t\t\t\t\t<svg aria-hidden=\"true\" class=\"e-font-icon-svg e-fas-circle\" viewBox=\"0 0 512 512\" xmlns=\"http:\/\/www.w3.org\/2000\/svg\"><path d=\"M256 8C119 8 8 119 8 256s111 248 248 248 248-111 248-248S393 8 256 8z\"><\/path><\/svg>\t\t\t\t\t\t<\/span>\n\t\t\t\t\t\t\t\t\t\t<span class=\"elementor-icon-list-text\">Respuestas inmediatas a necesidades financieras y de seguros.<\/span>\n\t\t\t\t\t\t\t\t\t<\/li>\n\t\t\t\t\t\t\t\t<li class=\"elementor-icon-list-item\">\n\t\t\t\t\t\t\t\t\t\t\t<span class=\"elementor-icon-list-icon\">\n\t\t\t\t\t\t\t<svg aria-hidden=\"true\" class=\"e-font-icon-svg e-fas-circle\" viewBox=\"0 0 512 512\" xmlns=\"http:\/\/www.w3.org\/2000\/svg\"><path d=\"M256 8C119 8 8 119 8 256s111 248 248 248 248-111 248-248S393 8 256 8z\"><\/path><\/svg>\t\t\t\t\t\t<\/span>\n\t\t\t\t\t\t\t\t\t\t<span class=\"elementor-icon-list-text\">Cuidado para ti y tu familia, con soluciones a la medida.<\/span>\n\t\t\t\t\t\t\t\t\t<\/li>\n\t\t\t\t\t\t<\/ul>\n\t\t\t\t\t\t<\/div>\n\t\t\t\t<\/div>\n\t\t\t\t\t<\/div>\n\t\t\t\t<\/div>\n\t\t\t\t\t<\/div>\n\t\t\t\t<\/div>\n\t\t<div class=\"elementor-element elementor-element-3df36e1 e-flex e-con-boxed wpr-particle-no wpr-jarallax-no wpr-parallax-no wpr-sticky-section-no e-con e-parent\" data-id=\"3df36e1\" data-element_type=\"container\">\n\t\t\t\t\t<div class=\"e-con-inner\">\n\t\t<div class=\"elementor-element elementor-element-b2b15a0 e-con-full e-flex wpr-particle-no wpr-jarallax-no wpr-parallax-no wpr-sticky-section-no elementor-invisible e-con e-child\" data-id=\"b2b15a0\" data-element_type=\"container\" data-settings=\"{&quot;animation&quot;:&quot;slideInRight&quot;}\">\n\t\t\t\t<div class=\"elementor-element elementor-element-f45144f elementor-widget elementor-widget-heading\" data-id=\"f45144f\" data-element_type=\"widget\" data-widget_type=\"heading.default\">\n\t\t\t\t<div class=\"elementor-widget-container\">\n\t\t\t\t\t<h2 class=\"elementor-heading-title elementor-size-default\">Comprometidos en brindarte soluciones<\/h2>\t\t\t\t<\/div>\n\t\t\t\t<\/div>\n\t\t\t\t<div class=\"elementor-element elementor-element-0c8c45b elementor-widget elementor-widget-heading\" data-id=\"0c8c45b\" data-element_type=\"widget\" data-widget_type=\"heading.default\">\n\t\t\t\t<div class=\"elementor-widget-container\">\n\t\t\t\t\t<h2 class=\"elementor-heading-title elementor-size-default\">\u00bfPorqu\u00e9 elegirnos?<\/h2>\t\t\t\t<\/div>\n\t\t\t\t<\/div>\n\t\t\t\t<div class=\"elementor-element elementor-element-3172f73 elementor-widget elementor-widget-text-editor\" data-id=\"3172f73\" data-element_type=\"widget\" data-widget_type=\"text-editor.default\">\n\t\t\t\t<div class=\"elementor-widget-container\">\n\t\t\t\t\t\t\t\t\t<p>Brindar a nuestros clientes, una protecci\u00f3n integral, a trav\u00e9s de una asesor\u00eda profesional, centralizando nuestros esfuerzos en ofrecer un \u00f3ptimo servicio, para garantizar la tranquilidad y confianza a favor de su cuidado y el de su familia, ofreciendo respuestas inmediatas a sus necesidades financieras y de seguros.<\/p>\t\t\t\t\t\t\t\t<\/div>\n\t\t\t\t<\/div>\n\t\t\t\t<div class=\"elementor-element elementor-element-201b64f wpr-tabs-responsive-yes wpr-tabs-position-above wpr-tabs-hr-position-justify wpr-tabs-icon-position-left elementor-widget elementor-widget-wpr-tabs\" data-id=\"201b64f\" data-element_type=\"widget\" data-settings=\"{&quot;tab_transition_duration&quot;:0.4}\" data-widget_type=\"wpr-tabs.default\">\n\t\t\t\t<div class=\"elementor-widget-container\">\n\t\t\t\t\t\t\t\n\t\t<div class=\"wpr-tabs\" data-options=\"{&quot;activeTab&quot;:1,&quot;trigger&quot;:&quot;click&quot;,&quot;autoplay&quot;:&quot;&quot;,&quot;autoplaySpeed&quot;:0}\">\n\t\t\t\n\t\t\t<div class=\"wpr-tabs-wrap\">\n\t\t\t\t\n\t\t\t\t<div id=\"wpr-tab-3361\" class=\"wpr-tab elementor-repeater-item-a2fddfa\" data-tab=\"1\">\n\t\t\t\t\t\n\t\t\t\t\t\t\t\t\t\t<div class=\"wpr-tab-title\">Asesor\u00eda en pensiones (ley 73, ley 97)<\/div>\n\t\t\t\t\t\n\t\t\t\t\t\t\t\t\t\n\t\t\t\t<\/div>\n\n\t\t\t\t\n\t\t\t\t<div id=\"wpr-tab-3362\" class=\"wpr-tab elementor-repeater-item-aae1c25\" data-tab=\"2\">\n\t\t\t\t\t\n\t\t\t\t\t\t\t\t\t\t<div class=\"wpr-tab-title\">Seguros de autom\u00f3vil incluyendo flotillas<\/div>\n\t\t\t\t\t\n\t\t\t\t\t\t\t\t\t\n\t\t\t\t<\/div>\n\n\t\t\t\t\n\t\t\t\t<div id=\"wpr-tab-3363\" class=\"wpr-tab elementor-repeater-item-b7deff7\" data-tab=\"3\">\n\t\t\t\t\t\n\t\t\t\t\t\t\t\t\t\t<div class=\"wpr-tab-title\">Seguros de responsabilidad civil<\/div>\n\t\t\t\t\t\n\t\t\t\t\t\t\t\t\t\n\t\t\t\t<\/div>\n\n\t\t\t\t\t\t\t<\/div>\n\n\t\t\t<div class=\"wpr-tabs-content-wrap\">\n\t\t\t\t\n\t\t\t\t<div id=\"wpr-tab-content-3361\" class=\"wpr-tab-content elementor-repeater-item-a2fddfa\" data-tab=\"1\">\n\t\t\t\t\t<div class=\"wpr-tab-content-inner elementor-clearfix wpr-anim-size-large wpr-overlay-fade-in\"><h4><span style=\"color: #000000\"><strong>Ley del 73, ley 97<\/strong><\/span><\/h4><p data-start=\"0\" data-end=\"115\">Es un servicio de consultor\u00eda especializado en el sistema de pensiones en M\u00e9xico, enfocado en las leyes del IMSS:<\/p><ul data-start=\"117\" data-end=\"518\"><li data-start=\"117\" data-end=\"344\"><strong data-start=\"119\" data-end=\"130\">Ley 73:<\/strong> Aplica a trabajadores que comenzaron a cotizar en el IMSS antes del 1 de julio de 1997. Se basa en el esquema de beneficio definido, donde la pensi\u00f3n se calcula seg\u00fan el salario promedio y las semanas cotizadas.<\/li><li data-start=\"345\" data-end=\"518\"><strong data-start=\"347\" data-end=\"358\">Ley 97:<\/strong> Aplica a quienes comenzaron a cotizar a partir del 1 de julio de 1997. En este caso, la pensi\u00f3n depende del saldo acumulado en la cuenta individual de AFORE.<\/li><\/ul><p data-start=\"520\" data-end=\"670\" data-is-last-node=\"\" data-is-only-node=\"\">La asesor\u00eda ayuda a los trabajadores a entender sus derechos, calcular su posible pensi\u00f3n y tomar decisiones para maximizar su beneficio al jubilarse.<\/p><\/div>\t\t\t\t<\/div>\n\n\t\t\t\t\n\t\t\t\t<div id=\"wpr-tab-content-3362\" class=\"wpr-tab-content elementor-repeater-item-aae1c25\" data-tab=\"2\">\n\t\t\t\t\t<div class=\"wpr-tab-content-inner elementor-clearfix wpr-anim-size-large wpr-overlay-fade-in\"><h4><strong><span style=\"color: #000000\">Seguros de autom\u00f3viles y flotillas<\/span><\/strong><\/h4><p data-start=\"0\" data-end=\"145\">Es un servicio de consultor\u00eda especializado en la contrataci\u00f3n y optimizaci\u00f3n de seguros para veh\u00edculos individuales y flotillas empresariales.<\/p><ul data-start=\"147\" data-end=\"582\"><li data-start=\"147\" data-end=\"351\"><strong data-start=\"149\" data-end=\"175\">Seguro de autom\u00f3viles:<\/strong> Cobertura para autos particulares o comerciales que protege contra da\u00f1os materiales, robo, responsabilidad civil, gastos m\u00e9dicos y asistencia vial, seg\u00fan el plan contratado.<\/li><li data-start=\"352\" data-end=\"582\"><strong data-start=\"354\" data-end=\"378\">Seguro de flotillas:<\/strong> Dise\u00f1ado para empresas con m\u00faltiples veh\u00edculos, ofreciendo cobertura integral para optimizar costos, facilitar la administraci\u00f3n y garantizar protecci\u00f3n en caso de accidentes, robos o da\u00f1os a terceros.<\/li><\/ul><p data-start=\"584\" data-end=\"751\" data-is-last-node=\"\" data-is-only-node=\"\">La asesor\u00eda ayuda a elegir la mejor cobertura seg\u00fan las necesidades del cliente, comparar opciones entre aseguradoras y optimizar costos sin comprometer la protecci\u00f3n.<\/p><\/div>\t\t\t\t<\/div>\n\n\t\t\t\t\n\t\t\t\t<div id=\"wpr-tab-content-3363\" class=\"wpr-tab-content elementor-repeater-item-b7deff7\" data-tab=\"3\">\n\t\t\t\t\t<div class=\"wpr-tab-content-inner elementor-clearfix wpr-anim-size-large wpr-overlay-fade-in\"><h4><strong><span style=\"color: #000000\">Seguros de responsabilidad civil<\/span><\/strong><\/h4><p data-start=\"0\" data-end=\"188\">Es un servicio de consultor\u00eda enfocado en la contrataci\u00f3n y gesti\u00f3n de seguros de <strong data-start=\"82\" data-end=\"112\">Responsabilidad Civil (RC)<\/strong>, dise\u00f1ados para proteger a personas y empresas frente a da\u00f1os a terceros.<\/p><ul data-start=\"239\" data-end=\"740\"><li data-start=\"239\" data-end=\"367\"><strong data-start=\"241\" data-end=\"256\">RC General:<\/strong> Cubre da\u00f1os a terceros en sus bienes o personas, ocasionados en la vida cotidiana o actividades comerciales.<\/li><li data-start=\"368\" data-end=\"526\"><strong data-start=\"370\" data-end=\"389\">RC Profesional:<\/strong> Protege a profesionales (m\u00e9dicos, abogados, arquitectos, etc.) contra reclamaciones derivadas de errores u omisiones en sus servicios.<\/li><li data-start=\"527\" data-end=\"651\"><strong data-start=\"529\" data-end=\"557\">RC Empresas y Comercios:<\/strong> Ampara da\u00f1os a terceros causados por la operaci\u00f3n de un negocio, sus empleados o productos.<\/li><li data-start=\"652\" data-end=\"740\"><strong data-start=\"654\" data-end=\"676\">RC Medioambiental:<\/strong> Cubre da\u00f1os ecol\u00f3gicos derivados de actividades industriales.<\/li><\/ul><p data-start=\"742\" data-end=\"885\" data-is-last-node=\"\" data-is-only-node=\"\">La asesor\u00eda ayuda a identificar riesgos espec\u00edficos, elegir la cobertura adecuada y negociar con aseguradoras para obtener mejores condiciones.<\/p><\/div>\t\t\t\t<\/div>\n\n\t\t\t\t\t\t\t<\/div>\n\n\t\t<\/div>\n\n\t\t\t\t\t\t<\/div>\n\t\t\t\t<\/div>\n\t\t\t\t<div class=\"elementor-element elementor-element-9982a6b wpr-tabs-responsive-yes wpr-tabs-position-above wpr-tabs-hr-position-justify wpr-tabs-icon-position-left elementor-widget elementor-widget-wpr-tabs\" data-id=\"9982a6b\" data-element_type=\"widget\" data-settings=\"{&quot;tab_transition_duration&quot;:0.4}\" data-widget_type=\"wpr-tabs.default\">\n\t\t\t\t<div class=\"elementor-widget-container\">\n\t\t\t\t\t\t\t\n\t\t<div class=\"wpr-tabs\" data-options=\"{&quot;activeTab&quot;:1,&quot;trigger&quot;:&quot;click&quot;,&quot;autoplay&quot;:&quot;&quot;,&quot;autoplaySpeed&quot;:0}\">\n\t\t\t\n\t\t\t<div class=\"wpr-tabs-wrap\">\n\t\t\t\t\n\t\t\t\t<div id=\"wpr-tab-1601\" class=\"wpr-tab elementor-repeater-item-a2fddfa\" data-tab=\"1\">\n\t\t\t\t\t\n\t\t\t\t\t\t\t\t\t\t<div class=\"wpr-tab-title\">Seguros de infraestructura o contenidos<\/div>\n\t\t\t\t\t\n\t\t\t\t\t\t\t\t\t\n\t\t\t\t<\/div>\n\n\t\t\t\t\n\t\t\t\t<div id=\"wpr-tab-1602\" class=\"wpr-tab elementor-repeater-item-aae1c25\" data-tab=\"2\">\n\t\t\t\t\t\n\t\t\t\t\t\t\t\t\t\t<div class=\"wpr-tab-title\">Seguros de traslados<\/div>\n\t\t\t\t\t\n\t\t\t\t\t\t\t\t\t\n\t\t\t\t<\/div>\n\n\t\t\t\t\t\t\t<\/div>\n\n\t\t\t<div class=\"wpr-tabs-content-wrap\">\n\t\t\t\t\n\t\t\t\t<div id=\"wpr-tab-content-1601\" class=\"wpr-tab-content elementor-repeater-item-a2fddfa\" data-tab=\"1\">\n\t\t\t\t\t<div class=\"wpr-tab-content-inner elementor-clearfix wpr-anim-size-large wpr-overlay-fade-in\"><h4><span style=\"color: #000000\"><strong>Seguros de infrestuctura y contenidos<\/strong><\/span><\/h4><p>Los <strong data-start=\"55\" data-end=\"98\">seguros de infraestructura y contenidos<\/strong> est\u00e1n dise\u00f1ados para proteger los bienes inmuebles y sus elementos internos ante diversos riesgos. Son ideales para empresas, industrias, comercios y propietarios de inmuebles que desean mitigar p\u00e9rdidas econ\u00f3micas en caso de siniestros.<\/p><\/div>\t\t\t\t<\/div>\n\n\t\t\t\t\n\t\t\t\t<div id=\"wpr-tab-content-1602\" class=\"wpr-tab-content elementor-repeater-item-aae1c25\" data-tab=\"2\">\n\t\t\t\t\t<div class=\"wpr-tab-content-inner elementor-clearfix wpr-anim-size-large wpr-overlay-fade-in\"><h4><strong><span style=\"color: #000000\">Seguros de traslados<\/span><\/strong><\/h4><p>Los <strong data-start=\"35\" data-end=\"61\">seguros para traslados<\/strong> protegen mercanc\u00edas, veh\u00edculos o personas durante su transporte, cubriendo riesgos como accidentes, robos o da\u00f1os. Estos seguros son esenciales para empresas de log\u00edstica, transportistas y cualquier negocio que maneje traslados frecuentes.<\/p><\/div>\t\t\t\t<\/div>\n\n\t\t\t\t\t\t\t<\/div>\n\n\t\t<\/div>\n\n\t\t\t\t\t\t<\/div>\n\t\t\t\t<\/div>\n\t\t\t\t<\/div>\n\t\t<div class=\"elementor-element elementor-element-5b78db4 e-con-full elementor-hidden-tablet e-flex wpr-particle-no wpr-jarallax-no wpr-parallax-no wpr-sticky-section-no elementor-invisible e-con e-child\" data-id=\"5b78db4\" data-element_type=\"container\" data-settings=\"{&quot;animation&quot;:&quot;slideInLeft&quot;}\">\n\t\t\t\t<div class=\"elementor-element elementor-element-6a256cf elementor-widget elementor-widget-image\" data-id=\"6a256cf\" data-element_type=\"widget\" data-widget_type=\"image.default\">\n\t\t\t\t<div class=\"elementor-widget-container\">\n\t\t\t\t\t\t\t\t\t\t\t\t\t\t\t<img decoding=\"async\" width=\"804\" height=\"1024\" src=\"https:\/\/proyectosjr.com\/wp-content\/uploads\/2025\/03\/foto1-804x1024.png\" class=\"attachment-large size-large wp-image-1822\" alt=\"\" srcset=\"https:\/\/proyectosjr.com\/wp-content\/uploads\/2025\/03\/foto1-804x1024.png 804w, https:\/\/proyectosjr.com\/wp-content\/uploads\/2025\/03\/foto1-235x300.png 235w, https:\/\/proyectosjr.com\/wp-content\/uploads\/2025\/03\/foto1-768x978.png 768w, https:\/\/proyectosjr.com\/wp-content\/uploads\/2025\/03\/foto1.png 982w\" sizes=\"(max-width: 804px) 100vw, 804px\" \/>\t\t\t\t\t\t\t\t\t\t\t\t\t\t\t<\/div>\n\t\t\t\t<\/div>\n\t\t\t\t<\/div>\n\t\t\t\t\t<\/div>\n\t\t\t\t<\/div>\n\t\t\t\t<\/div>\n\t\t","protected":false},"excerpt":{"rendered":"<p>Nuestra trayectoria \u00bfQui\u00e9nes somos? Proyectos JR somos una promotor\u00eda de seguros, contamos con asesores profesionales con m\u00e1s de 7 a\u00f1os de experiencia, enfocados a trabajar de la mano con personas f\u00edsicas y\/o empresas a proveer estrategias financieras que hagan incrementar y\/o consolidar su patrimonio. Para dar un servicio de calidad a nuestros clientes, trabajamos en conjunto con las mejores empresas en el sector asegurador y de inversiones, que cuentan con las m\u00e1s altas calificaciones en sus ramos y generan confianza, ya que, a lo largo de muchos a\u00f1os, se han dedicado a cuidar nuestro patrimonio. Protecci\u00f3n integral para cada cliente. Asesor\u00eda profesional para tomar la mejor decisi\u00f3n. Servicio \u00f3ptimo enfocado en tranquilidad y confianza. Respuestas inmediatas a necesidades financieras y de seguros. Cuidado para ti y tu familia, con soluciones a la medida. Comprometidos en brindarte soluciones \u00bfPorqu\u00e9 elegirnos? Brindar a nuestros clientes, una protecci\u00f3n integral, a trav\u00e9s de una asesor\u00eda profesional, centralizando nuestros esfuerzos en ofrecer un \u00f3ptimo servicio, para garantizar la tranquilidad y confianza a favor de su cuidado y el de su familia, ofreciendo respuestas inmediatas a sus necesidades financieras y de seguros. Asesor\u00eda en pensiones (ley 73, ley 97) Seguros de autom\u00f3vil incluyendo flotillas Seguros de responsabilidad civil Ley del 73, ley 97 Es un servicio de consultor\u00eda especializado en el sistema de pensiones en M\u00e9xico, enfocado en las leyes del IMSS: Ley 73: Aplica a trabajadores que comenzaron a cotizar en el IMSS antes del 1 de julio de 1997. Se basa en el esquema de beneficio definido, donde la pensi\u00f3n se calcula seg\u00fan el salario promedio y las semanas cotizadas. Ley 97: Aplica a quienes comenzaron a cotizar a partir del 1 de julio de 1997. En este caso, la pensi\u00f3n depende del saldo acumulado en la cuenta individual de AFORE. La asesor\u00eda ayuda a los trabajadores a entender sus derechos, calcular su posible pensi\u00f3n y tomar decisiones para maximizar su beneficio al jubilarse. Seguros de autom\u00f3viles y flotillas Es un servicio de consultor\u00eda especializado en la contrataci\u00f3n y optimizaci\u00f3n de seguros para veh\u00edculos individuales y flotillas empresariales. Seguro de autom\u00f3viles: Cobertura para autos particulares o comerciales que protege contra da\u00f1os materiales, robo, responsabilidad civil, gastos m\u00e9dicos y asistencia vial, seg\u00fan el plan contratado. Seguro de flotillas: Dise\u00f1ado para empresas con m\u00faltiples veh\u00edculos, ofreciendo cobertura integral para optimizar costos, facilitar la administraci\u00f3n y garantizar protecci\u00f3n en caso de accidentes, robos o da\u00f1os a terceros. La asesor\u00eda ayuda a elegir la mejor cobertura seg\u00fan las necesidades del cliente, comparar opciones entre aseguradoras y optimizar costos sin comprometer la protecci\u00f3n. Seguros de responsabilidad civil Es un servicio de consultor\u00eda enfocado en la contrataci\u00f3n y gesti\u00f3n de seguros de Responsabilidad Civil (RC), dise\u00f1ados para proteger a personas y empresas frente a da\u00f1os a terceros. RC General: Cubre da\u00f1os a terceros en sus bienes o personas, ocasionados en la vida cotidiana o actividades comerciales. RC Profesional: Protege a profesionales (m\u00e9dicos, abogados, arquitectos, etc.) contra reclamaciones derivadas de errores u omisiones en sus servicios. RC Empresas y Comercios: Ampara da\u00f1os a terceros causados por la operaci\u00f3n de un negocio, sus empleados o productos. RC Medioambiental: Cubre da\u00f1os ecol\u00f3gicos derivados de actividades industriales. La asesor\u00eda ayuda a identificar riesgos espec\u00edficos, elegir la cobertura adecuada y negociar con aseguradoras para obtener mejores condiciones. Seguros de infraestructura o contenidos Seguros de traslados Seguros de infrestuctura y contenidos Los seguros de infraestructura y contenidos est\u00e1n dise\u00f1ados para proteger los bienes inmuebles y sus elementos internos ante diversos riesgos. Son ideales para empresas, industrias, comercios y propietarios de inmuebles que desean mitigar p\u00e9rdidas econ\u00f3micas en caso de siniestros. Seguros de traslados Los seguros para traslados protegen mercanc\u00edas, veh\u00edculos o personas durante su transporte, cubriendo riesgos como accidentes, robos o da\u00f1os. Estos seguros son esenciales para empresas de log\u00edstica, transportistas y cualquier negocio que maneje traslados frecuentes.<\/p>\n","protected":false},"author":1,"featured_media":0,"parent":0,"menu_order":0,"comment_status":"closed","ping_status":"closed","template":"elementor_canvas","meta":{"footnotes":""},"class_list":["post-23","page","type-page","status-publish","hentry"],"_links":{"self":[{"href":"https:\/\/proyectosjr.com\/index.php\/wp-json\/wp\/v2\/pages\/23","targetHints":{"allow":["GET"]}}],"collection":[{"href":"https:\/\/proyectosjr.com\/index.php\/wp-json\/wp\/v2\/pages"}],"about":[{"href":"https:\/\/proyectosjr.com\/index.php\/wp-json\/wp\/v2\/types\/page"}],"author":[{"embeddable":true,"href":"https:\/\/proyectosjr.com\/index.php\/wp-json\/wp\/v2\/users\/1"}],"replies":[{"embeddable":true,"href":"https:\/\/proyectosjr.com\/index.php\/wp-json\/wp\/v2\/comments?post=23"}],"version-history":[{"count":40,"href":"https:\/\/proyectosjr.com\/index.php\/wp-json\/wp\/v2\/pages\/23\/revisions"}],"predecessor-version":[{"id":2212,"href":"https:\/\/proyectosjr.com\/index.php\/wp-json\/wp\/v2\/pages\/23\/revisions\/2212"}],"wp:attachment":[{"href":"https:\/\/proyectosjr.com\/index.php\/wp-json\/wp\/v2\/media?parent=23"}],"curies":[{"name":"wp","href":"https:\/\/api.w.org\/{rel}","templated":true}]}}